ultiple of 3005?
False
Is 2026266328 a multiple of 30?
False
Is 1490 a factor of 572934800?
True
Is 100421552 a multiple of 592?
True
Is 40 a factor of 611912443?
False
Is 16 a factor of 319041723?
False
Does 487 divide 7855797?
True
Is 9615625 a multiple of 905?
True
Does 177 divide 127708155?
True
Is 1639250 a multiple of 830?
True
Is 21 a factor of 193727968?
False
Is 17 a factor of 262015798?
True
Does 38 divide 2178458590?
False
Does 42 divide 137886630?
True
Is 134 a factor of 2822997?
False
Is 920 a factor of 822692?
False
Does 13 divide 37492104?
True
Is 12 a factor of 990155205?
False
Is 2858198310 a multiple of 2491?
True
Is 11678461 a multiple of 20?
False
Is 27 a factor of 2099803210?
False
Is 19 a factor of 1712574775?
False
Is 4275625200 a multiple of 140?
True
Does 27 divide 19420404?
False
Does 34 divide 435807283?
False
Does 1188 divide 523275734?
False
Is 806 a factor of 51354886?
False
Is 14 a factor of 11153632?
True
Is 11 a factor of 2318594806?
True
Is 20 a factor of 7017631?
False
Does 2239 divide 567709632?
False
Is 38 a factor of 2879198414?
False
Does 393 divide 50294175?
True
Is 1871 a factor of 4655721560?
True
Is 69207320 a multiple of 40?
True
Does 78 divide 3176698746?
True
Is 100318144 a multiple of 2624?
True
Is 356 a factor of 22193396?
True
Is 1727 a factor of 64134113?
False
Is 18125029 a multiple of 12?
False
Is 5919549 a multiple of 2038?
False
Is 443294280 a multiple of 120?
True
Is 576 a factor of 55728966?
False
Does 82 divide 84715840?
True
Is 256282114 a multiple of 179?
False
Does 2 divide 7239523?
False
Does 569 divide 3648997?
True
Is 148 a factor of 203595164?
True
Is 410 a factor of 63971348?
False
Is 217885245 a multiple of 15?
True
Is 56395669 a multiple of 10?
False
Is 6350205 a multiple of 15?
True
Is 15 a factor of 4890886398?
False
Does 4674 divide 1663284623?
False
Is 325 a factor of 225268225?
True
Is 5979 a factor of 1949324111?
False
Is 2973 a factor of 76979855?
False
Does 31 divide 52501383?
True
Does 3158 divide 1604174129?
False
Is 30 a factor of 32506560?
True
Is 1330 a factor of 341846607?
False
Does 1204 divide 246045828?
True
Is 114 a factor of 324733332?
True
Is 93817930 a multiple of 1658?
True
Is 188518525 a multiple of 745?
True
Is 9 a factor of 7649419?
False
Is 67 a factor of 204979197?
True
Is 174 a factor of 28502418?
True
Is 1428 a factor of 170273292?
True
Is 4033 a factor of 571512397?
True
Does 415 divide 166809474?
False
Does 301 divide 11865613?
False
Does 13 divide 928756426?
True
Is 437 a factor of 696314099?
False
Does 53 divide 3540273?
False
Does 2 divide 960509953?
False
Is 1016441860 a multiple of 54?
False
Is 527420369 a multiple of 22?
False
Is 8595 a factor of 1608889457?
False
Is 205 a factor of 56429532?
False
Is 3567073368 a multiple of 5826?
True
Does 9 divide 483622349?
False
Does 10 divide 1430923613?
False
Does 144 divide 285047976?
False
Is 1398 a factor of 21269394?
False
Is 6 a factor of 416920?
False
Does 1819 divide 5473864?
False
Is 24901008 a multiple of 88?
True
Does 85 divide 17225420?
True
Is 97117410 a multiple of 681?
True
Does 391 divide 49226900?
True
Is 24 a factor of 17503152?
True
Is 36 a factor of 980841397?
False
Is 16589274 a multiple of 8?
False
Does 964 divide 1283041584?
True
Is 2229503165 a multiple of 1460?
False
Does 1210 divide 1542457180?
True
Is 344136525 a multiple of 121?
False
Is 3 a factor of 129214073?
False
Is 2978 a factor of 3668357106?
False
Is 4672 a factor of 2627905539?
False
Is 7222079 a multiple of 2?
False
Is 1915170886 a multiple of 449?
True
Does 10600 divide 1834510200?
True
Is 174 a factor of 265902798?
True
Does 6 divide 215870460?
True
Is 346511765 a multiple of 606?
False
Is 53420927 a multiple of 2461?
True
Is 116 a factor of 66565440?
True
Is 2 a factor of 982120?
True
Is 55 a factor of 3364675490?
True
Is 22 a factor of 90601346?
True
Is 476134960 a multiple of 2254?
True
Is 32 a factor of 1504309600?
True
Is 822683373 a multiple of 753?
True
Is 7 a factor of 14083000?
False
Is 313880752 a multiple of 465?
False
Is 1293 a factor of 708006070?
False
Is 18 a factor of 456881976?
True
Is 713 a factor of 589007874?
True
Is 3452 a factor of 70675491?
False
Does 11 divide 22624700?
False
Is 651 a factor of 279057009?
True
Is 21611603 a multiple of 89?
True
Is 8653088 a multiple of 226?
True
Does 35 divide 25510710?
False
Is 36759664 a multiple of 22?
False
Is 25 a factor of 937625?
True
Is 1555 a factor of 16358221?
False
Is 618930467 a multiple of 40?
False
Is 54 a factor of 50140446?
False
Is 45 a factor of 21791317?
False
Is 856509149 a multiple of 1217?
False
Is 23 a factor of 70276385?
True
Does 98 divide 71792350?
True
Does 28 divide 951900852?
True
Is 2917 a factor of 10536204?
True
Does 43 divide 589895414?
True
Is 30145742 a multiple of 176?
False
Is 2531608041 a multiple of 544?
False
Does 368 divide 315077373?
False
Is 40535968 a multiple of 88?
True
Is 67472310 a multiple of 1658?
True
Does 51 divide 35680467?
True
Is 32531268 a multiple of 357?
True
Is 62133914 a multiple of 3?
False
Is 7961187 a multiple of 13?
True
Is 199 a factor of 11302802?
True
Does 163 divide 82407787?
False
Does 255 divide 184705208?
False
Is 25 a factor of 115366989?
False
Is 54067520 a multiple of 656?
True
Is 426827625 a multiple of 375?
True
Does 53 divide 47146504?
False
Is 12 a factor of 38946854?
False
Is 1704577202 a multiple of 121?
False
Is 532792260 a multiple of 5914?
True
Is 4024 a factor of 630744623?
False
Does 11 divide 44466427?
False
Does 376 divide 119946484?
False
Is 5082065879 a multiple of 8657?
True
Is 192293800 a multiple of 184?
True
Does 119 divide 203875702?
False
Does 157 divide 203055781?
False
Does 6617 divide 390859573?
True
Is 4742618065 a multiple of 5508?
False
Is 9981885 a multiple of 69?
True
Is 3433221 a multiple of 11?
True
Is 1144 a factor of 33085624?
True
Does 69 divide 1261649873?
False
Does 791 divide 2424096625?
False
Is 55 a factor of 34098075?
True
Does 13 divide 1767045826?
True
Is 162 a factor of 15516238?
False
Is 13 a factor of 3886730?
False
Does 153 divide 75303693?
True
Is 8 a factor of 26708120?
True
Does 15 divide 552579720?
True
Does 3333 divide 852459759?
False
Does 131 divide 1468516376?
False
Does 1394 divide 194655754?
False
Is 24029234 a multiple of 634?
True
Is 1035148746 a multiple of 1011?
True
Is 5 a factor of 217835905?
True
Is 1858827 a multiple of 35?
False
Is 152760075 a multiple of 32?
False
Is 85 a factor of 976545108?
False
Is 3 a factor of 44027214?
True
Is 123684301 a multiple of 3?
False
Is 155953594 a multiple of 1531?
False
Is 7 a factor of 338444148?
True
Does 90 divide 17499060?
True
Is 96253432 a multiple of 7?
False
Is 113 a factor of 126480431?
False
Is 918977862 a multiple of 73?
False
Is 3 a factor of 88972158?
True
Is 236 a factor of 15598832?
False
Is 28220261 a multiple of 1003?
False
Does 57 divide 20580628?
False
Is 1701 a factor of 21396879?
True
Does 378 divide 1384034148?
True
Is 124 a factor of 188199?
False
Is 27 a factor of 1209206610?
True
Is 25412630 a multiple of 2?
True
Is 1843 a factor of 14344026?
False
Is 615 a factor of 346712462?
False
Does 307 divide 862477631?
False
Is 13 a factor of 24608831?
True
Does 364 divide 45824688?
True
Is 1342 a factor of 10475652?
True
Is 580267575 a multiple of 115?
True
Is 82 a factor of 849683656?
False
Does 66 divide 5816796379?
False
Does 823 divide 247320553?
True
Does 230 divide 25170041?
False
Is 1319774566 a multiple of 4267?
True
Is 221 a factor of 6736301?
True
Is 27 a factor of 11915073?
True
Is 21 a factor of 591314363?
False
Does 51 divide 359632168?
False
Is 122990480 a multiple of 9?
False
Is 41 a factor of 72119861?
True
Is 219 a factor of 588650100?
True
Is 224 a factor of 97739712?
True
Is 1235019246 a multiple of 2583?
False
Is 151795354 a multiple of 46?
True
Is 10388870 a multiple of 5?
True
Is 654419646 a multiple of 157?
True
Is 338974496 a multiple of 224?
True
Is 181 a factor of 55408311?
False
Is 1452 a factor of 196582634?
False
Is 221915545 a multiple of 159?
False
Does 141 divide 3352194?
False
Is 968 a factor of 8983529?
False
Is 428381300 a multiple of 100?
True
Is 19432995 a multiple of 4?
False
Is 5401767 a multiple of 155?
False
Is 88383160 a 